{"id":2610,"date":"2022-05-10T16:34:21","date_gmt":"2022-05-10T19:34:21","guid":{"rendered":"https:\/\/dentalnewsbrasil.com.br\/proform\/?page_id=2610"},"modified":"2022-05-14T07:03:34","modified_gmt":"2022-05-14T10:03:34","slug":"area-para-dentistas","status":"publish","type":"page","link":"https:\/\/dentalnewsbrasil.com.br\/proform\/clientes\/area-para-dentistas\/","title":{"rendered":"\u00c1rea para Dentistas"},"content":{"rendered":"\t\t<div data-elementor-type=\"wp-page\" data-elementor-id=\"2610\" class=\"elementor elementor-2610\">\n\t\t\t\t\t\t<section class=\"elementor-section elementor-top-section elementor-element elementor-element-6060178 elementor-section-boxed elementor-section-height-default elementor-section-height-default\" data-id=\"6060178\" data-element_type=\"section\" data-e-type=\"section\">\n\t\t\t\t\t\t<div class=\"elementor-container elementor-column-gap-default\">\n\t\t\t\t\t<div class=\"elementor-column elementor-col-100 elementor-top-column elementor-element elementor-element-44066d3\" data-id=\"44066d3\" data-element_type=\"column\" data-e-type=\"column\">\n\t\t\t<div class=\"elementor-widget-wrap elementor-element-populated\">\n\t\t\t\t\t\t<div class=\"elementor-element elementor-element-a785d9c elementor-widget elementor-widget-heading\" data-id=\"a785d9c\" data-element_type=\"widget\" data-e-type=\"widget\" data-widget_type=\"heading.default\">\n\t\t\t\t<div class=\"elementor-widget-container\">\n\t\t\t\t\t<h2 class=\"elementor-heading-title elementor-size-default\">Para acessar esta \u00e1rea do site, por favor insira as informa\u00e7\u00f5es solicitadas no formul\u00e1rio abaixo:<\/h2>\t\t\t\t<\/div>\n\t\t\t\t<\/div>\n\t\t\t\t\t<\/div>\n\t\t<\/div>\n\t\t\t\t\t<\/div>\n\t\t<\/section>\n\t\t\t\t<section class=\"elementor-section elementor-top-section elementor-element elementor-element-4e77ca4 elementor-section-boxed elementor-section-height-default elementor-section-height-default\" data-id=\"4e77ca4\" data-element_type=\"section\" data-e-type=\"section\">\n\t\t\t\t\t\t<div class=\"elementor-container elementor-column-gap-default\">\n\t\t\t\t\t<div class=\"elementor-column elementor-col-100 elementor-top-column elementor-element elementor-element-7475961\" data-id=\"7475961\" data-element_type=\"column\" data-e-type=\"column\">\n\t\t\t<div class=\"elementor-widget-wrap elementor-element-populated\">\n\t\t\t\t\t\t<div class=\"elementor-element elementor-element-c2ccae1 elementor-widget elementor-widget-wpforms\" data-id=\"c2ccae1\" data-element_type=\"widget\" data-e-type=\"widget\" data-widget_type=\"wpforms.default\">\n\t\t\t\t<div class=\"elementor-widget-container\">\n\t\t\t\t\t<div class=\"wpforms-container wpforms-container-full\" id=\"wpforms-2607\"><form id=\"wpforms-form-2607\" class=\"wpforms-validate wpforms-form\" data-formid=\"2607\" method=\"post\" enctype=\"multipart\/form-data\" action=\"\/proform\/wp-json\/wp\/v2\/pages\/2610\" data-token=\"bfdfc5fa1321195f6c80fe3649aa7322\"><noscript class=\"wpforms-error-noscript\">Ative o JavaScript no seu navegador para preencher este formul\u00e1rio.<\/noscript><div class=\"wpforms-field-container\"><div id=\"wpforms-2607-field_0-container\" class=\"wpforms-field wpforms-field-name\" data-field-id=\"0\"><label class=\"wpforms-field-label wpforms-label-hide\" for=\"wpforms-2607-field_0\">Nome <span class=\"wpforms-required-label\">*<\/span><\/label><input type=\"text\" id=\"wpforms-2607-field_0\" class=\"wpforms-field-large wpforms-field-required\" name=\"wpforms[fields][0]\" placeholder=\"nome\" required><\/div><div id=\"wpforms-2607-field_1-container\" class=\"wpforms-field wpforms-field-email\" data-field-id=\"1\"><label class=\"wpforms-field-label wpforms-label-hide\" for=\"wpforms-2607-field_1\">E-mail <span class=\"wpforms-required-label\">*<\/span><\/label><input type=\"email\" id=\"wpforms-2607-field_1\" class=\"wpforms-field-large wpforms-field-required\" name=\"wpforms[fields][1]\" placeholder=\"email\" required><\/div><div id=\"wpforms-2607-field_4-container\" class=\"wpforms-field wpforms-field-text\" data-field-id=\"4\"><label class=\"wpforms-field-label wpforms-label-hide\" for=\"wpforms-2607-field_4\">Whatsapp<\/label><input type=\"text\" id=\"wpforms-2607-field_4\" class=\"wpforms-field-large wpforms-masked-input\" data-inputmask-mask=\"(99) 9999-9999[9]\" data-rule-empty-blanks=\"1\" name=\"wpforms[fields][4]\" placeholder=\"whatsapp\" ><\/div><div id=\"wpforms-2607-field_5-container\" class=\"wpforms-field wpforms-field-text\" data-field-id=\"5\"><label class=\"wpforms-field-label wpforms-label-hide\" for=\"wpforms-2607-field_5\">CRO <span class=\"wpforms-required-label\">*<\/span><\/label><input type=\"text\" id=\"wpforms-2607-field_5\" class=\"wpforms-field-large wpforms-field-required\" name=\"wpforms[fields][5]\" placeholder=\"cro\" required><\/div><\/div><div class=\"wpforms-field wpforms-field-hp\"><label for=\"wpforms-2607-field-hp\" class=\"wpforms-field-label\">Comment<\/label><input type=\"text\" name=\"wpforms[hp]\" id=\"wpforms-2607-field-hp\" class=\"wpforms-field-medium\"><\/div><div class=\"wpforms-submit-container\"><input type=\"hidden\" name=\"wpforms[id]\" value=\"2607\"><input type=\"hidden\" name=\"wpforms[author]\" value=\"1\"><button type=\"submit\" name=\"wpforms[submit]\" id=\"wpforms-submit-2607\" class=\"wpforms-submit botao\" data-alt-text=\"Entrando...\" data-submit-text=\"Entrar\" aria-live=\"assertive\" value=\"wpforms-submit\">Entrar<\/button><\/div><\/form><\/div>  <!-- .wpforms-container -->\t\t\t\t<\/div>\n\t\t\t\t<\/div>\n\t\t\t\t\t<\/div>\n\t\t<\/div>\n\t\t\t\t\t<\/div>\n\t\t<\/section>\n\t\t\t\t<\/div>\n\t\t","protected":false},"excerpt":{"rendered":"<p>Para acessar esta \u00e1rea do site, por favor insira as informa\u00e7\u00f5es solicitadas no formul\u00e1rio abaixo:<\/p>\n","protected":false},"author":1,"featured_media":2185,"parent":1313,"menu_order":0,"comment_status":"closed","ping_status":"closed","template":"elementor_theme","meta":{"footnotes":""},"class_list":["post-2610","page","type-page","status-publish","has-post-thumbnail","hentry"],"yoast_head":"<!-- This site is optimized with the Yoast SEO plugin v27.2 - https:\/\/yoast.com\/product\/yoast-seo-wordpress\/ -->\n<title>\u00c1rea para Dentistas - PRO-FORM<\/title>\n<meta name=\"robots\" content=\"index, follow, max-snippet:-1, max-image-preview:large, max-video-preview:-1\" \/>\n<link rel=\"canonical\" href=\"https:\/\/dentalnewsbrasil.com.br\/proform\/clientes\/area-para-dentistas\/\" \/>\n<meta property=\"og:locale\" content=\"pt_BR\" \/>\n<meta property=\"og:type\" content=\"article\" \/>\n<meta property=\"og:title\" content=\"\u00c1rea para Dentistas - PRO-FORM\" \/>\n<meta property=\"og:description\" content=\"Para acessar esta \u00e1rea do site, por favor insira as informa\u00e7\u00f5es solicitadas no formul\u00e1rio abaixo:\" \/>\n<meta property=\"og:url\" content=\"https:\/\/dentalnewsbrasil.com.br\/proform\/clientes\/area-para-dentistas\/\" \/>\n<meta property=\"og:site_name\" content=\"PRO-FORM\" \/>\n<meta property=\"article:modified_time\" content=\"2022-05-14T10:03:34+00:00\" \/>\n<meta property=\"og:image\" content=\"https:\/\/dentalnewsbrasil.com.br\/proform\/wp-content\/uploads\/2021\/05\/dentist-dental-assistant-working-digital-tablet_Easy-Resize.com_.jpg\" \/>\n\t<meta property=\"og:image:width\" content=\"1280\" \/>\n\t<meta property=\"og:image:height\" content=\"853\" \/>\n\t<meta property=\"og:image:type\" content=\"image\/jpeg\" \/>\n<meta name=\"twitter:card\" content=\"summary_large_image\" \/>\n<meta name=\"twitter:label1\" content=\"Est. tempo de leitura\" \/>\n\t<meta name=\"twitter:data1\" content=\"1 minuto\" \/>\n<script type=\"application\/ld+json\" class=\"yoast-schema-graph\">{\"@context\":\"https:\/\/schema.org\",\"@graph\":[{\"@type\":\"WebPage\",\"@id\":\"https:\/\/dentalnewsbrasil.com.br\/proform\/clientes\/area-para-dentistas\/\",\"url\":\"https:\/\/dentalnewsbrasil.com.br\/proform\/clientes\/area-para-dentistas\/\",\"name\":\"\u00c1rea para Dentistas - PRO-FORM\",\"isPartOf\":{\"@id\":\"https:\/\/dentalnewsbrasil.com.br\/proform\/#website\"},\"primaryImageOfPage\":{\"@id\":\"https:\/\/dentalnewsbrasil.com.br\/proform\/clientes\/area-para-dentistas\/#primaryimage\"},\"image\":{\"@id\":\"https:\/\/dentalnewsbrasil.com.br\/proform\/clientes\/area-para-dentistas\/#primaryimage\"},\"thumbnailUrl\":\"https:\/\/dentalnewsbrasil.com.br\/proform\/wp-content\/uploads\/2021\/05\/dentist-dental-assistant-working-digital-tablet_Easy-Resize.com_.jpg\",\"datePublished\":\"2022-05-10T19:34:21+00:00\",\"dateModified\":\"2022-05-14T10:03:34+00:00\",\"breadcrumb\":{\"@id\":\"https:\/\/dentalnewsbrasil.com.br\/proform\/clientes\/area-para-dentistas\/#breadcrumb\"},\"inLanguage\":\"pt-BR\",\"potentialAction\":[{\"@type\":\"ReadAction\",\"target\":[\"https:\/\/dentalnewsbrasil.com.br\/proform\/clientes\/area-para-dentistas\/\"]}]},{\"@type\":\"ImageObject\",\"inLanguage\":\"pt-BR\",\"@id\":\"https:\/\/dentalnewsbrasil.com.br\/proform\/clientes\/area-para-dentistas\/#primaryimage\",\"url\":\"https:\/\/dentalnewsbrasil.com.br\/proform\/wp-content\/uploads\/2021\/05\/dentist-dental-assistant-working-digital-tablet_Easy-Resize.com_.jpg\",\"contentUrl\":\"https:\/\/dentalnewsbrasil.com.br\/proform\/wp-content\/uploads\/2021\/05\/dentist-dental-assistant-working-digital-tablet_Easy-Resize.com_.jpg\",\"width\":1280,\"height\":853},{\"@type\":\"BreadcrumbList\",\"@id\":\"https:\/\/dentalnewsbrasil.com.br\/proform\/clientes\/area-para-dentistas\/#breadcrumb\",\"itemListElement\":[{\"@type\":\"ListItem\",\"position\":1,\"name\":\"In\u00edcio\",\"item\":\"https:\/\/dentalnewsbrasil.com.br\/proform\/\"},{\"@type\":\"ListItem\",\"position\":2,\"name\":\"Clientes\",\"item\":\"https:\/\/dentalnewsbrasil.com.br\/proform\/\"},{\"@type\":\"ListItem\",\"position\":3,\"name\":\"\u00c1rea para Dentistas\"}]},{\"@type\":\"WebSite\",\"@id\":\"https:\/\/dentalnewsbrasil.com.br\/proform\/#website\",\"url\":\"https:\/\/dentalnewsbrasil.com.br\/proform\/\",\"name\":\"PRO-FORM\",\"description\":\"\",\"publisher\":{\"@id\":\"https:\/\/dentalnewsbrasil.com.br\/proform\/#organization\"},\"potentialAction\":[{\"@type\":\"SearchAction\",\"target\":{\"@type\":\"EntryPoint\",\"urlTemplate\":\"https:\/\/dentalnewsbrasil.com.br\/proform\/?s={search_term_string}\"},\"query-input\":{\"@type\":\"PropertyValueSpecification\",\"valueRequired\":true,\"valueName\":\"search_term_string\"}}],\"inLanguage\":\"pt-BR\"},{\"@type\":\"Organization\",\"@id\":\"https:\/\/dentalnewsbrasil.com.br\/proform\/#organization\",\"name\":\"PRO-FORM\",\"url\":\"https:\/\/dentalnewsbrasil.com.br\/proform\/\",\"logo\":{\"@type\":\"ImageObject\",\"inLanguage\":\"pt-BR\",\"@id\":\"https:\/\/dentalnewsbrasil.com.br\/proform\/#\/schema\/logo\/image\/\",\"url\":\"https:\/\/dentalnewsbrasil.com.br\/proform\/wp-content\/uploads\/2021\/05\/marca-2.jpg\",\"contentUrl\":\"https:\/\/dentalnewsbrasil.com.br\/proform\/wp-content\/uploads\/2021\/05\/marca-2.jpg\",\"width\":362,\"height\":90,\"caption\":\"PRO-FORM\"},\"image\":{\"@id\":\"https:\/\/dentalnewsbrasil.com.br\/proform\/#\/schema\/logo\/image\/\"}}]}<\/script>\n<!-- \/ Yoast SEO plugin. -->","yoast_head_json":{"title":"\u00c1rea para Dentistas - PRO-FORM","robots":{"index":"index","follow":"follow","max-snippet":"max-snippet:-1","max-image-preview":"max-image-preview:large","max-video-preview":"max-video-preview:-1"},"canonical":"https:\/\/dentalnewsbrasil.com.br\/proform\/clientes\/area-para-dentistas\/","og_locale":"pt_BR","og_type":"article","og_title":"\u00c1rea para Dentistas - PRO-FORM","og_description":"Para acessar esta \u00e1rea do site, por favor insira as informa\u00e7\u00f5es solicitadas no formul\u00e1rio abaixo:","og_url":"https:\/\/dentalnewsbrasil.com.br\/proform\/clientes\/area-para-dentistas\/","og_site_name":"PRO-FORM","article_modified_time":"2022-05-14T10:03:34+00:00","og_image":[{"width":1280,"height":853,"url":"https:\/\/dentalnewsbrasil.com.br\/proform\/wp-content\/uploads\/2021\/05\/dentist-dental-assistant-working-digital-tablet_Easy-Resize.com_.jpg","type":"image\/jpeg"}],"twitter_card":"summary_large_image","twitter_misc":{"Est. tempo de leitura":"1 minuto"},"schema":{"@context":"https:\/\/schema.org","@graph":[{"@type":"WebPage","@id":"https:\/\/dentalnewsbrasil.com.br\/proform\/clientes\/area-para-dentistas\/","url":"https:\/\/dentalnewsbrasil.com.br\/proform\/clientes\/area-para-dentistas\/","name":"\u00c1rea para Dentistas - PRO-FORM","isPartOf":{"@id":"https:\/\/dentalnewsbrasil.com.br\/proform\/#website"},"primaryImageOfPage":{"@id":"https:\/\/dentalnewsbrasil.com.br\/proform\/clientes\/area-para-dentistas\/#primaryimage"},"image":{"@id":"https:\/\/dentalnewsbrasil.com.br\/proform\/clientes\/area-para-dentistas\/#primaryimage"},"thumbnailUrl":"https:\/\/dentalnewsbrasil.com.br\/proform\/wp-content\/uploads\/2021\/05\/dentist-dental-assistant-working-digital-tablet_Easy-Resize.com_.jpg","datePublished":"2022-05-10T19:34:21+00:00","dateModified":"2022-05-14T10:03:34+00:00","breadcrumb":{"@id":"https:\/\/dentalnewsbrasil.com.br\/proform\/clientes\/area-para-dentistas\/#breadcrumb"},"inLanguage":"pt-BR","potentialAction":[{"@type":"ReadAction","target":["https:\/\/dentalnewsbrasil.com.br\/proform\/clientes\/area-para-dentistas\/"]}]},{"@type":"ImageObject","inLanguage":"pt-BR","@id":"https:\/\/dentalnewsbrasil.com.br\/proform\/clientes\/area-para-dentistas\/#primaryimage","url":"https:\/\/dentalnewsbrasil.com.br\/proform\/wp-content\/uploads\/2021\/05\/dentist-dental-assistant-working-digital-tablet_Easy-Resize.com_.jpg","contentUrl":"https:\/\/dentalnewsbrasil.com.br\/proform\/wp-content\/uploads\/2021\/05\/dentist-dental-assistant-working-digital-tablet_Easy-Resize.com_.jpg","width":1280,"height":853},{"@type":"BreadcrumbList","@id":"https:\/\/dentalnewsbrasil.com.br\/proform\/clientes\/area-para-dentistas\/#breadcrumb","itemListElement":[{"@type":"ListItem","position":1,"name":"In\u00edcio","item":"https:\/\/dentalnewsbrasil.com.br\/proform\/"},{"@type":"ListItem","position":2,"name":"Clientes","item":"https:\/\/dentalnewsbrasil.com.br\/proform\/"},{"@type":"ListItem","position":3,"name":"\u00c1rea para Dentistas"}]},{"@type":"WebSite","@id":"https:\/\/dentalnewsbrasil.com.br\/proform\/#website","url":"https:\/\/dentalnewsbrasil.com.br\/proform\/","name":"PRO-FORM","description":"","publisher":{"@id":"https:\/\/dentalnewsbrasil.com.br\/proform\/#organization"},"potentialAction":[{"@type":"SearchAction","target":{"@type":"EntryPoint","urlTemplate":"https:\/\/dentalnewsbrasil.com.br\/proform\/?s={search_term_string}"},"query-input":{"@type":"PropertyValueSpecification","valueRequired":true,"valueName":"search_term_string"}}],"inLanguage":"pt-BR"},{"@type":"Organization","@id":"https:\/\/dentalnewsbrasil.com.br\/proform\/#organization","name":"PRO-FORM","url":"https:\/\/dentalnewsbrasil.com.br\/proform\/","logo":{"@type":"ImageObject","inLanguage":"pt-BR","@id":"https:\/\/dentalnewsbrasil.com.br\/proform\/#\/schema\/logo\/image\/","url":"https:\/\/dentalnewsbrasil.com.br\/proform\/wp-content\/uploads\/2021\/05\/marca-2.jpg","contentUrl":"https:\/\/dentalnewsbrasil.com.br\/proform\/wp-content\/uploads\/2021\/05\/marca-2.jpg","width":362,"height":90,"caption":"PRO-FORM"},"image":{"@id":"https:\/\/dentalnewsbrasil.com.br\/proform\/#\/schema\/logo\/image\/"}}]}},"_links":{"self":[{"href":"https:\/\/dentalnewsbrasil.com.br\/proform\/wp-json\/wp\/v2\/pages\/2610","targetHints":{"allow":["GET"]}}],"collection":[{"href":"https:\/\/dentalnewsbrasil.com.br\/proform\/wp-json\/wp\/v2\/pages"}],"about":[{"href":"https:\/\/dentalnewsbrasil.com.br\/proform\/wp-json\/wp\/v2\/types\/page"}],"author":[{"embeddable":true,"href":"https:\/\/dentalnewsbrasil.com.br\/proform\/wp-json\/wp\/v2\/users\/1"}],"replies":[{"embeddable":true,"href":"https:\/\/dentalnewsbrasil.com.br\/proform\/wp-json\/wp\/v2\/comments?post=2610"}],"version-history":[{"count":13,"href":"https:\/\/dentalnewsbrasil.com.br\/proform\/wp-json\/wp\/v2\/pages\/2610\/revisions"}],"predecessor-version":[{"id":2848,"href":"https:\/\/dentalnewsbrasil.com.br\/proform\/wp-json\/wp\/v2\/pages\/2610\/revisions\/2848"}],"up":[{"embeddable":true,"href":"https:\/\/dentalnewsbrasil.com.br\/proform\/wp-json\/wp\/v2\/pages\/1313"}],"wp:featuredmedia":[{"embeddable":true,"href":"https:\/\/dentalnewsbrasil.com.br\/proform\/wp-json\/wp\/v2\/media\/2185"}],"wp:attachment":[{"href":"https:\/\/dentalnewsbrasil.com.br\/proform\/wp-json\/wp\/v2\/media?parent=2610"}],"curies":[{"name":"wp","href":"https:\/\/api.w.org\/{rel}","templated":true}]}}